 6 - 2
1
Calculate -2 + -4 + (1 + 14 - 11).
-2
Evaluate 11 + (3 + -8 - (5 + -5)).
6
Evaluate -3 + 2 + 1 - 2.
-2
Evaluate 6 - (4 + -15 + 2 - -18).
-3
Calculate -2 + (-15 - -9) - -9.
1
(4 - -10) + (-4 - 4)
6
What is 6 + (-14 - -8) + 1 + 0?
1
What is -5 + (-2 - (-14 + 8))?
-1
1 + -11 - (3 + -6)
-7
0 - (1 - (-3 + 9))
5
(-4 - 2) + (0 - -4) - -5
3
Evaluate 0 - (0 + -3 + -2).
5
Evaluate 6 - (0 - -2 - (-2 - 2)).
0
What is the value of -1 - -9 - (4 + 1)?
3
Calculate -2 + 8 + -6 + (-3 - -8).
5
Evaluate -3 - (-16 + 4) - 6.
3
What is the value of 0 + 3 + 4 + 1 + -14?
-6
What is the value of 5 + -1 + -1 + -1?
2
Calculate (4 + -7 - -2 - -5) + -2.
2
What is 3 + -1 - -2 - (-17 - -22)?
-1
-13 + (11 + -13 - -8)
-7
What is 6 + -3 + -1 - 3?
-1
Evaluate -13 + 6 + 1 - -5.
-1
What is 0 - -2 - (0 - -4)?
-2
2 + (5 - 4 - 4) - -6
5
Calculate (1 - 4) + (4 - -1) + -1.
1
What is 0 + -1 + 1 + 3 + -3?
0
0 + -3 + (-1 - (-12 + 9))
-1
2 - ((0 - -3) + (-8 - -9))
-2
Calculate (3 - 4) + 1 + 4 + -3.
1
Calculate -1 + (-5 - -4) - (3 - 2).
-3
What is the value of (1 - (-2 + 0)) + 11 + -13?
1
What is 1 + -3 + -1 + 0?
-3
Calculate -2 - ((6 - 9) + 3 + 0).
-2
Calculate -5 + (10 - (5 + -4)).
4
Evaluate -4 + (7 - 3) + -6 + 3.
-3
Evaluate -12 - (-16 - (-1 + -5)).
-2
Calculate (3 - 0) + -7 - -3.
-1
(-2 - -2) + -14 + 18
4
What is the value of 2 + 4 - (-47 + 59)?
-6
Evaluate 1 + 2 + -5 + 0.
-2
Calculate -8 + 12 - (7 + -2).
-1
What is 8 + -1 + (-2 - (-3 + 12))?
-4
Calculate -9 + 1 + (2 + -6 - -7).
-5
What is the value of -60 + 66 + 0 + -3?
3
Calculate 4 - (15 + (-7 - -4) + 0).
-8
Calculate 16 + (-9 - 1) - 1.
5
Calculate 1 + 0 + (4 - 0 - -1).
6
Calculate (2 - (-5 - -9)) + -2.
-4
What is the value of (0 - -1) + (-10 - -7) - -3?
1
What is -5 - (3 + 3 - 1 - 8)?
-2
What is 5 + (4 - 2) + -5?
2
-15 + -1 + (2 - -7)
-7
What is the value of 17 + -2 + -20 - (0 - 10)?
5
Evaluate -2 - ((-6 - -3) + 0 + 2).
-1
6 + -3 + -2 + -3
-2
-4 + -2 + -5 + 1 + 4
-6
What is the value of 0 + 3 + 0 + (-6 - 2)?
-5
What is (-13 - -11) + -2 + -3?
-7
What is -7 + 0 + 4 + -1?
-4
Calculate 1 + 3 + (-4 - -5 - 2).
3
What is 11 + -5 - (0 + 7)?
-1
What is 0 + -11 + 18 + 1?
8
What is the value of 6 - (3 - (-8 + 2))?
-3
Calculate -2 + (-1 - (-12 - -6)) - -2.
5
Calculate (3 + -1 + -5 - 1) + -1.
-5
What is 0 + 7 + -13 + 3?
-3
Evaluate 1 + -1 + (-2 - (-1 + 3)).
-4
What is (-8 - -3 - -8) + (-5 - -1)?
-1
What is the value of (5 - -13) + -12 + -9 + -1?
-4
Calculate -3 + (-3 - -6) + -6 + 7.
1
1 + -6 - -16 - (-6 - -12)
5
What is the value of 4 + 1 - (23 + -11)?
-7
Evaluate -1 + -2 - (9 - (-1 - -9)).
-4
What is 1 + 2 + (1 - 1)?
3
Calculate 1 - (3 + (-8 - -6 - 2)).
2
Evaluate -4 - (-3 + 2) - (-23 - -20).
0
2 + (6 - 0) + -2
6
What is 1 + (4 - 8) + 1 - -7?
5
What is the value of -4 + 11 + -3 - 0?
4
What is -1 - 6 - -5 - -3 - 3?
-2
Calculate 6 + 2 - 0 - 5.
3
Calculate -3 + (-5 - -20) + -6 + -3.
3
Calculate 3 - (15 - 4) - -4.
-4
What is the value of (4 - (9 - 6)) + -1?
0
Calculate -1 + -12 + -7 + 15.
-5
(-5 - (1 + -14)) + -3 + -1
4
What is 11 + (-6 - (-2 + -4 + 3))?
8
What is 1 + 1 - (5 - 4 - 0)?
1
What is -7 - -7 - (10 + -6)?
-4
What is (3 - 6) + (-5 - -12 - 1)?
3
-3 - -1 - ((4 - 0) + -8)
2
What is 3 + (-12 - -24 - 15)?
0
3 + (-17 - -5) + 9
0
Evaluate -3 - 0 - 0 - 1.
-4
What is 1 - ((4 - 1) + -5 + 2)?
1
Calculate 0 + 3 + (-4 + 1 - -5).
5
Calculate -7 + 16 + -13 - -7.
3
Calculate (12 - -3) + (-1 - 6).
8
What is the value of 3 - 4 - (-6 - (10 + -23))?
-8
Calculate (9 + -13 - -11) + -8.
-1
What is -2 + 5 + (1 - 1)?
3
15 + (-4 - (-5 - -2) - 4)
10
Calculate (9 - (21 + 3)) + 9 + 3.
-3
Evaluate 0 + -2 + (7 - 2 - 1).
2
2 + 8 + 0 + -11
-1
What is (10 - 0) + -1 + (19 - 24)?
4
Calculate -1 - (-1 + (-6 - (1 - 4))).
3
Evaluate 0 + 1 - (1 - 3) - 7.
-4
What is the value of (-2 + -7 - -2) + 6?
-1
Evaluate 6 - (4 + -4 + (-3 - -5)).
4
Evaluate 3 + (-4 + 2 - 2).
-1
Evaluate 2 + -5 + -4 + 6 + -4.
-5
(0 + (-5 - -6) - -2) + -2
1
Evaluate 2 + -1 - (-1 + 4).
-2
Evaluate -4 + (-4 + 2 - -7) + 1.
2
5 + 0 - (4 - 2)
3
Calculate (-1 - 5) + (14 - (11 + -2)).
-1
Evaluate -8 + (9 - 2) + 1 + -1.
-1
Evaluate -6 + (-4 - (10 - 6 - 11)).
-3
What is -3 + 2 + (0 - 4) + -1?
-6
Evaluate 6 - ((1 - 1) + 3).
3
3 + 1 - (2 + 13 - 7)
-4
Evaluate 1 + -6 + 2 - (2 + -1).
-4
Evaluate 13 + -14 + (1 - (2 + -2)).
0
What is the value of -4 + 2 - (-27 - -26)?
-1
Evaluate -5 - ((1 - (14 + -4)) + 3).
1
Calculate -10 + (6 - (-5 - -12)).
-11
Calculate (-7 + 1 - (-1 - -3)) + 5.
-3
Calculate 9 + (-3 - 1) + (32 - 33).
4
What is the value of 12 - (14 - (13 - 3))?
8
What is the value of 1 + -4 - (12 - 18)?
3
-3 + 5 + -1 + -2
-1
What is -4 + 1 + 0 + -2?
-5
Evaluate 2 + (-1 - 3) + (-7 - -13).
4
Evaluate -4 + (6 - 8) - -3 - 0.
-3
What is (-3 + 5 - 1) + 4?
5
Evaluate (-2 - -3) + -5 - (-10 + 3).
3
What is 0 + 3 - (-2 - (-21 + 14))?
-2
Calculate 2 - (-2 - (-1 + 0) - 2).
5
Calculate 13 + (0 - 9) + 6 + -8.
2
Evaluate 4 + -9 - (-2 - 3).
0
4 + (-18 - (-1 + -8))
-5
Evaluate -1 - 3 - -3 - 3.
-4
What is the value of 5 + -10 + 9 + 1 + -3?
2
Evaluate (-2 - (-4 + 12)) + 16.
6
What is 12 - ((28 - 14) + -9)?
7
-8 + 7 - 4 - (-8 + 2)
1
Evaluate -7 + 2 + -1 + (116 - 111).
-1
What is -1 + -5 + 5 + 1 + -3?
-3
-3 + 6 + (-2 - 1) - 3
-3
Evaluate -2 + 6 - 3 - 0.
1
Calculate 1 + 2 + -17 + 18.
4
Evaluate -8 + 7 + -9 + 4.
-6
What is (-5 - (4 + -11)) + 0 + -2?
0
What is (3 - 5 - -2) + -1 + 5?
4
Evaluate 2 - 7 - (-3 - 0).
-2
Calculate -1 + 5 - (11 - 7).
0
(2 - (-7 + (12 - 1))) + 8
6
Calculate -6 + (7 - (-17 + 3)) + -8.
7
What is the value of (2 - 7) + 4 + (-5 - -3)?
-3
Evaluate -2 + (1 - -3) + (-1 - 3).
-2
What is -6 - -7 - (-2 + -2)?
5
What is the value of -3 + 5 + (-10 - -3) + 4?
-1
Evaluate -3 + -10 + (5 - -14).
6
What is 1 + -4 - (-67 + 60)?
4
Calculate 3 + -3 + -9 - -6.
-3
(-2 + 2 - -1) + 3
4
Calculate (7 - 0 - 4) + -4.
-1
Evaluate (-3 - -7 - 4) + -8 + 6.
-2
Evaluate (-3 - 9) + 9 + 7.
4
0 + 3 + -5 + 0 + 1
-1
(-1 - (2 - 5)) + (-6 - 0)
-4
What is (-6 - -7) + 4 + -12 - -3?
-4
Evaluate 10 - (2 - (-2 - -3)).
9
Evaluate 8 + -7 + -6 - (1 + -1).
-5
1 + -2 + -3 + 9
5
Calculate -71 - -69 - (-10 + 1).
7
Calculate 2 + 6 + -5 + -3 + 2.
2
What is the value of 5 - (-8 - -17 - 5)?
1
What is the value of -8 - -10 - (-3 + (-2 - -2))?
5
Evaluate -5 + -1 + 3 + 2 + 6.
5
-2 - (9 - (-1 - -3) - 10)
1
(-9 + 3 - -15) + 0
9
What is the value of 1 - ((2 - 5) + (1 - -1))?
2
What is -11 - -9 - -13 - (5 + 1)?
5
(10 + -4 - 4) + 7
9
Evaluate 4 + -5 + -1 + 7.
5
(-4 - 10) + 4 - -5
-5
Evaluate -9 + 14 + 1 + -3.
3
Calculate 8 + -9 + -1 + 2.
0
134 + -138 - (-1 - 6)
3
What is -11 + 12 + -6 + -1?
-6
-1 + 3 - (7 + (-9 - 2))
6
4 + (-10 - (3 + (4 - 10)))
-3
-9 + -3 + (8 - -1)
-3
Evaluate 1 + 2 + -2 - 0 - 3.
-2
12 - 1 - (6 + -1 - 0)
6
Calculate 1 - (0 - -1) - (-2 - -5).
-3
-112 + 104 - (-1 - (6 + -2))
-3
Evaluate 7 - (-4 + -5 - -14).
2
Calculate 0 + 3 - (-3 - (-2 - 3)).
1
Calculate -1 + (1 - (4 + -1 + 1)).
-4
(5 - 1) + 7 + -5 + -11
-5
Calculate -1 + -1 - (-5 - (-9 + 6)).
0
Evaluate 4 - -2 - 1 - (-179 - -185).
-1
What is 1 + (6 + -15 - -5)?
-3
Calculate 1 - (1 - 2 - -4).
-2
What is 0 - 4 - (-1 + -1 + -1)?
-1
Calculate (-1 - -1) + -3 - 2.
-5
Evaluate -4 - (-6 - -7) - 0.
-5
Calculate -5 - -9 - (-1 - (2 - 7)).
0
What is (-8 - 1) + (66 - 55)?
2
What is -8 - -1 - -4 - (-5 + -1)?
3
What is the value of (5 + -3 - (4 - 1)) + -2?
-3
What is the value of 2 - (-1 - -6) - -4?
1
Evaluate -4 - (-10 - (-7 - -1)).
0
Evaluate -1 + -8 + 14 + -2.
3
42 + -34 - (14 + 2)
-8
What is the value of (-1 - 5 - -5) + -3?
-4
What is -2 + 8 + -2 - (-1 - -6)?
-1
What is (1 - -7) + (130 - 137)?
1
Calculate 6 - 7 - (-8 - -3).
4
3 - (2 + -4) - (-23 + 24)
4
What is the value of -5 - (0 - (3 + 1))?
-1
Evaluate (-2 - -1) + 19 - (9 - 1).
10
Evaluate 63 + -52 + -16 + -3.
-8
What is the value of 3 + -2 - (-12 - (-17 + -1))?
-5
Evaluate 2 + 3 + 1 - 8.
-2
Calculate 4 + (-4 - 3) + 3 - -3.
3
What is the value of (12 - (9 + -2)) + -4?
1
Calculate (5 - (-4 - -3)) + -1.
5
What is (2 + (-6 - -2) - -5) + -2?
1
Evaluate 2 - (7 - -2) - (-23 - -21).
-5
Evaluate (-1 - 4) + 0 + 6 + -5.
-4
What is the value of (3 - 4 - -4) + -7?
-4
What is the value of 2 - (5 - 4) - (-6 + 6)?
1
Evaluate 2 + -1 + 2 + 3 - 5.
1
Evaluate 0 - (3 + 3 - 9).
3
(1 + 0 - 2) + 1 - 5
-5
What is -4 - -7 - 11 - (14 + -16)?
-6
2 + -5 - (-4 + 0 + 5)
-4
0 + -1 + 0 + 2